 1)*60/(-20).
3, 23
Suppose -4*g - 3*r = 2*r, 4*r + 41 = 5*g. Suppose -2*m = 2*b - 18, -g*b + 2*m + m + 21 = 0. List the prime factors of 3*b - (-4)/(-2).
2
Let p(k) = k**3 + 41*k**2 + 7*k - 37. List the prime factors of p(-40).
1283
Let w = -26 + 60. Suppose -5*f + 596 = -4*v, -w = -3*f - 4*v + 298. What are the prime factors of f?
2, 29
Let v(p) = 3*p**2 - 7. Let t be v(-6). What are the prime factors of (-10 + 6)*t/(-4)?
101
Suppose 10*n = -2*n + 2928. Suppose n = -7*w + 762. List the prime factors of w.
2, 37
Let x = 286 + -40. What are the prime factors of x?
2, 3, 41
Let w(d) = d**3 - 17*d**2 + 9*d + 31. What are the prime factors of w(18)?
11, 47
Let b(j) = -7*j**2 + 6*j - 20. Let f be b(-11). List the prime factors of f/(-11) + (-28)/(-154).
5, 17
Let l(s) = 763*s - 1115. List the prime factors of l(7).
2, 2113
Let l = -2 + 135. Suppose -17 = z - l. List the prime factors of z.
2, 29
Let r = 27 - 22. Suppose 4*t - 8 = r*t. List the prime factors of t/20 + (-185)/(-25).
7
Let b(n) = -13*n - 8. Let s = 0 + -4. What are the prime factors of b(s)?
2, 11
Suppose -40*v + 137445 = -5*v. List the prime factors of v.
3, 7, 11, 17
Let i(o) = -7*o**3 - 8*o - 12. Let p be i(-6). Suppose 7*w - p = -5*w. List the prime factors of w.
3, 43
Suppose -3*n - 1066 = r, 2*n + 700 = -0*r + 2*r. Let z = 649 + n. Suppose t + 177 = 3*c - t, -z = -5*c - 5*t. List the prime factors of c.
59
Let m be (-2 - (-4 + -7)) + 1. Suppose -163 + m = -i. List the prime factors of i.
3, 17
Let o = -27 - -17. Let u be ((-84)/10)/(2/o). Suppose 0 = -2*k - k + u. What are the prime factors of k?
2, 7
Suppose 4 = 5*x - 4*x, i + 5*x = 619. List the prime factors of i.
599
Let q(i) = 6*i**2 - 13*i + 3. What are the prime factors of q(9)?
2, 3, 31
Let m = -120 + 122. Suppose 3*x - m*g - 742 = 0, 3*g + 351 - 106 = x. List the prime factors of x.
2, 31
Suppose f - 12 = -1. Suppose 2*i + 39 = -f. Let s = 38 - i. What are the prime factors of s?
3, 7
Suppose j = -4*j - b + 6868, 4*j - 5483 = 3*b. What are the prime factors of j?
1373
List the prime factors of (-145)/87 + -3 + 22191/9.
23, 107
Let g be ((-8)/(-10))/(4/20). Let j(p) be the first derivative of p**4/4 - 2*p**3/3 - p**2 - 2*p - 3. List the prime factors of j(g).
2, 11
Suppose -90*p = -41*p - 171794. List the prime factors of p.
2, 1753
Let m(k) = k**3 - 4*k**2 + 2*k + 2. Let i be m(3). Let n be i/(-2)*(-3 + 3). Suppose n*o = 4*o - 152. What are the prime factors of o?
2, 19
Let h = -31 - -126. What are the prime factors of (h/20)/(((-2)/(-56))/1)?
7, 19
Let k be 12/(3 + 1) - (-2 + -1). Suppose -61 = -3*x + 4*r, 0 = -2*x + 4*r + k + 40. What are the prime factors of x?
3, 5
Let p(x) = 20*x + 2. Let f be p(-1). Let c = -15 - f. Suppose c*r = 4*l - 128, 194 - 58 = 4*l - 5*r. What are the prime factors of l?
29
Suppose -4*i + 2*q + 1078 = 0, 0*q = 5*i - 4*q - 1349. Suppose 0 = s - 1, 3*s + i - 56 = 3*a. What are the prime factors of a?
2, 3
What are the prime factors of (-1 - 5681/(-3)) + 328/(-492)?
2, 11, 43
Suppose 4*z - 8*z = -3*s - 13381, -5*s - 10033 = -3*z. List the prime factors of z.
2, 7, 239
Let w = -1 + 3. Suppose -110 = -0*l - 5*l. Let z = l - w. List the prime factors of z.
2, 5
Let x = 4 - 4. Suppose 0 = -3*s + 2*r + 14, -2*s + 20 = -5*r + 7. Suppose x = 3*p - 4*i - 42, -s*i = 2*p - 3*i - 17. What are the prime factors of p?
2, 5
Let v(u) be the third derivative of u**5/60 + 3*u**4/4 + 5*u**3/2 + 27*u**2. What are the prime factors of v(7)?
2, 5, 19
List the prime factors of (-5 + 4)/((-11)/21285).
3, 5, 43
Let c be 15/(-9) + (-10)/(-15). Suppose 5*d - 40 = -5*v, 5*v - 49 = -5*d + 3*d. What are the prime factors of (c/1*v)/(-1)?
11
Suppose 4*r = 4*w + 3 - 59, 5*r = 2*w - 28. Suppose -2*n + 4*b = -n - w, -4*b = 2*n + 8. List the prime factors of n.
2
Let h be (-6)/(-39) + (-9450)/(-91). Let x = h + -25. Suppose 2*v - x = v. List the prime factors of v.
79
Let u(z) = z**3 + 10*z**2 - z. Let n be u(5). Suppose -2*q - 2*o = -n, -q + 5*o + 203 = 36. List the prime factors of q.
2, 7, 13
Suppose 4*i - i = 2*g + 808, 0 = 3*i - 5*g - 796. Let k = i - 58. List the prime factors of k.
2, 107
Let k be 134 + (-5 + 3)*-1. Let s = k + -35. What are the prime factors of s?
101
Let n(c) be the second derivative of 7*c + 5/6*c**3 + 1/20*c**5 + 0 + 7/12*c**4 + 7/2*c**2. List the prime factors of n(-5).
2
Suppose -3*x + j = -99, 0 = 2*x - j + 4*j - 66. Let o = 110 - x. List the prime factors of o.
7, 11
Suppose 0 = -r - 136 + 27. Let f = r - -174. What are the prime factors of f?
5, 13
Let q(z) = -8*z**3 + 5*z**2 + 76*z + 519. What are the prime factors of q(-7)?
2, 3, 31
Let b(s) = s**3 + 4*s**2 - 8*s + 1. Let o be b(-6). Let w(c) = -c**2 - 3*c - 1. Let y be w(4). Let d = o - y. What are the prime factors of d?
2, 3
Let o = -139 - -138. List the prime factors of 0 + o + -3 - -259.
3, 5, 17
What are the prime factors of ((-686)/21)/(1*(-1)/36)?
2, 3, 7
List the prime factors of ((-711)/(-12))/(3/(-8))*-2.
2, 79
Let b(u) = 3*u**2 + 27*u + 15. What are the prime factors of b(-15)?
3, 5, 19
Let a = -450 - -711. List the prime factors of a.
3, 29
Let h be -48*2/(-10)*(-2460)/(-24). Let o = h + -633. What are the prime factors of o?
3, 13
Let z(t) = 8*t + 4*t**3 - 4 - 7*t - 3*t**3. Let l be z(0). What are the prime factors of (-81)/l + 1/(-4)?
2, 5
Suppose -2*p - 11*p = -3354. What are the prime factors of p?
2, 3, 43
Let y = 12 + -7. Let s be (1 + 0)/(y/40). Suppose -5*n + 112 + s = 0. What are the prime factors of n?
2, 3
Let g(x) = 2*x**2 + 2*x - 2. Let y be g(-4). Suppose y*d = 18*d + 56. List the prime factors of d.
2, 7
Let o = -764 + 1401. List the prime factors of o.
7, 13
Suppose 33*n - 28*n = 2540. List the prime factors of n.
2, 127
Let o(x) = -4*x + 3. Let z be o(0). Suppose f = g + 3*g - 65, -z*g + 40 = f. What are the prime factors of g?
3, 5
Suppose -k + 5*f + 1270 = 0, -5*k = -7*f + 8*f - 6272. What are the prime factors of k?
5, 251
Let g be (-3)/(-6)*4 + 2. Let u be 4 - (-3 + g + -1). Suppose 0*a = 4*d - u*a - 220, 0 = -4*d - 5*a + 265. List the prime factors of d.
2, 3, 5
Let f be (6 - 5)/(2/(-4)). Let g(q) = -11*q**3 + 2*q**2 + 2*q + 4. Let p be g(f). Suppose -3*c - p = -6*c. List the prime factors of c.
2
List the prime factors of (-12 + 245 + 11)*14/4.
2, 7, 61
Let x = -885 + 2178. What are the prime factors of x?
3, 431
Let c = -58 - -81. Let o = 14 - c. List the prime factors of (-12)/o*117/6.
2, 13
Let f = 1460 + -354. What are the prime factors of f?
2, 7, 79
Let x(m) = -153*m + 41. List the prime factors of x(-4).
653
Suppose 17*n - 218 = 15*n. Suppose -3*q = 5*b - n, 3*q + 4*b - 9 - 104 = 0. What are the prime factors of q?
43
Suppose 0 = 33*j - 2327 - 2656. What are the prime factors of j?
151
Suppose -c - 5*x + 104 = -3*x, -472 = -5*c + 2*x. Suppose -c = -4*m + 116. List the prime factors of m.
53
Let p(z) = -84*z + 44. List the prime factors of p(-8).
2, 179
Let r be (10 - 4)/(-2) + 351. Suppose -11*y = -15*y + r. List the prime factors of y.
3, 29
Let x be (-6)/9 + 51/9. Suppose c - 2*q = 6*c - 25, -x*c = q - 20. Suppose -c*z + 3 = 0, -3*z - 82 = -4*n + 103. List the prime factors of n.
47
Suppose 75 = -2*k - 81. Let l be -130*(28/20 + -1). Let f = l - k. What are the prime factors of f?
2, 13
Let q = 1025 - 91. List the prime factors of q.
2, 467
Let x(b) = 2*b**3 - 16*b**2 - 100*b + 21. What are the prime factors of x(16)?
3, 839
Let h(u) = -6 - 30 - 5*u + 18*u. List the prime factors of h(8).
2, 17
Suppose -3*m + 1680 = -3*z, 5*m = z - 2*z + 2824. Let f be ((-132)/121)/((-8)/44). List the prime factors of f/33 - m/(-44).
13
Let q(w) = -5*w**3 - 2*w**2 + 6*w - 13. What are the prime factors of q(-6)?
7, 137
Suppose -3944 = -7*d - 108. List the prime factors of d.
2, 137
Suppose 2*l + 5*i - 500 = -3*l, -5*l + 3*i + 476 = 0. Let j = l + 16. List the prime factors of j.
113
Suppose -1 - 11 = -4*x. Suppose -2*h + 15 = x*h. Let a(n) = 8*n - 10. List the prime factors of a(h).
2, 7
Let x(o) = 46*o**2 + 5*o + 9. What are the prime factors of x(-3)?
2, 3, 17
Let q(g) = -2*g**2 - 4*g - 17. Let p be q(-7). Let a = p + 184. List the prime factors of a.
97
Suppose -5*j + 11018 = 3*h, 0 = 17*j - 20*j - h + 6614. What are the prime factors of j?
2, 1103
Suppose -32*l - 25*l + 74328 = 0. List the prime factors o